actors of i?
2, 7
Suppose 0 = -0*g - g + 3. Suppose -4*p = -g*p. Suppose 4*j - 16 = -4*n, -2*j - 1 = -n - p. What are the prime factors of n?
3
Suppose 2*z + 0*z + 4 = -n, -z - 2 = -n. Suppose 4 = 2*w - 6. Suppose -i + w = -n*i. What are the prime factors of i?
5
Let c(l) = 2*l - 2*l**2 - l**3 + 0*l**2 + 0*l**3 - 6 - 6*l. Let v be c(-4). Suppose -6*y = -3*y - v. List the prime factors of y.
2, 7
Let v be (-1 + (-42)/(-15))*45. Suppose 6*p - v = 3*p. List the prime factors of p.
3
Let u be (39 + 1)/4 + -3. Suppose 3*r - u*r = -36. List the prime factors of r.
3
Let d(j) be the second derivative of 1/12*j**4 + 0 - 3*j**2 + j + 7/6*j**3. What are the prime factors of d(-8)?
2
Suppose 0*o = -4*o + 2*v - 664, 8 = 2*v. What are the prime factors of o/(-14) + 10/35?
2, 3
Suppose 1032 - 172 = 5*a. What are the prime factors of a?
2, 43
Let h(b) = b**2 - 4*b - 8. Let d be h(-6). Suppose 2 - d = -5*r. What are the prime factors of r?
2, 5
Let b(p) = -p**2 + 4*p + 2. Let z be ((-4)/(-3))/((-1)/(-3)). List the prime factors of b(z).
2
Let k = 13 + -10. Suppose k*j = 24 + 60. What are the prime factors of j?
2, 7
Suppose -2*v = 6, -4*k = -9*k + 2*v + 996. What are the prime factors of k?
2, 3, 11
Let u = 3 + 1. Let h(a) = -a + 27. Let q be h(0). What are the prime factors of (q/(-3))/((-3)/u)?
2, 3
Suppose -6*r = -108 - 18. List the prime factors of r.
3, 7
List the prime factors of 128/(-12)*(-9 - -3).
2
Let p(g) = -4*g**2 + g - 2. Let d = -3 - -6. Let s be p(d). What are the prime factors of s/(-3) - (-4)/(-6)?
11
Let d(b) = -b**3 - 6*b**2 - 7*b - 2. Let i be d(-5). Suppose i = 3*y - 10. What are the prime factors of y?
2, 3
Suppose 0*t = -2*t + 6. Suppose 12 = t*b - 4*k - 8, -3*b + 5 = -k. Suppose z = -2*m - 4*z - 21, -3*m - 3*z - 9 = b. List the prime factors of m.
2
Let y(z) = z**3 + 6*z**2 + z + 1. What are the prime factors of y(-5)?
3, 7
Let n be 215/(-7) - (-2)/(-7). Let t = -22 - n. What are the prime factors of t?
3
Let g = 27 - 14. What are the prime factors of g?
13
Let f(s) = -4*s - 2. Suppose -3*k = -4 - 2. Suppose -c = 4 - k. What are the prime factors of f(c)?
2, 3
Let g(y) = 24*y - 15. List the prime factors of g(9).
3, 67
Suppose 225 - 38 = 11*f. List the prime factors of f.
17
Let i be (-5 + 3)*(-1)/(-2). Let g(a) = 26*a**2 + 3*a + 1. List the prime factors of g(i).
2, 3
Let h(y) = -y**3 - 8*y**2 - 8*y + 3. Let s be h(-6). Let w = -60 + 28. Let r = s - w. List the prime factors of r.
11
Let i(v) = v**2 - v + 5. List the prime factors of i(7).
47
Let t be ((-1)/(-3))/((-2)/(-12)). Let m be (1 + t)*4/(-6). List the prime factors of m + 3 - (1 - 2).
2
Let x(j) = -2*j + 2 - 4 + 1. Let p be (12/(-2))/(1*2). List the prime factors of x(p).
5
Suppose 1 = -3*r + 2*s - 1, 5*s = 3*r + 14. Let y = -2 - -4. Suppose 3*u + z = -5 + 19, 0 = -u - y*z - r. List the prime factors of u.
2, 3
List the prime factors of 2 + (-554)/(-10) + 10/(-25).
3, 19
Let a(l) be the first derivative of -l**4/4 + 5*l**3/3 + 4*l**2 - 3. Let u(m) = m**2 + 4*m - 6. Let g be u(-6). What are the prime factors of a(g)?
2, 3
Let f(r) = r**2 - 2*r + 5. Let g(v) = v**3 + 3*v**2 - 6*v - 4. Let p be g(-4). List the prime factors of f(p).
13
Let v(j) be the third derivative of -5*j**4/24 - j**3/3 - 3*j**2. What are the prime factors of v(-3)?
13
Let r(b) = b + 3. Let q be r(8). Let z = -4 + q. Suppose -4*k - c = -11, -3*k + z*k - 5*c = -7. What are the prime factors of k?
2
Let h(r) = r + 65. List the prime factors of h(-19).
2, 23
Let k(f) = 3*f**2 + 2*f. Let t be k(-2). Let y be 2 + (-1 - 12/(-1)). Suppose -1 - t = 3*u, c + 2*u = y. List the prime factors of c.
19
Suppose 2*d = 2*z - 50, -z + 0*z + 4*d + 28 = 0. What are the prime factors of z?
2, 3
Let k(f) = -f + 5. Let x be k(5). Suppose x = -4*q + 4 + 12. Suppose q*o + d = 37, -4*d - 10 = o - 38. List the prime factors of o.
2
Let t = 1 + 6. Suppose 0 = 3*c - t*c + 100. Suppose 0 = -4*p - p + c. List the prime factors of p.
5
Suppose -2*z = 2 + 4, -w + 5*z = -17. Suppose -5*v - w*p + 45 + 10 = 0, v + 3*p = -2. List the prime factors of v.
13
Let p(g) = -17*g**3 + 2*g**2 - 2*g - 3. List the prime factors of p(-2).
5, 29
Let s(y) = y**3 + y**2 + 2. Let k be s(0). Let x = k + 4. Let i(h) = -h**2 + 7*h + 1. What are the prime factors of i(x)?
7
Suppose -4*m + 6 = -m, 4 = -2*r + 2*m. Suppose q - 4*i = -5*i - 4, -q + 5*i - 16 = r. List the prime factors of (-1 + 3)/(-2)*q.
2, 3
Suppose 0 = -3*q + 16 + 41. What are the prime factors of q?
19
Let c be 1/3 + (-19)/3. Let b = -4 - c. Suppose 5 + 1 = b*k. What are the prime factors of k?
3
Let f be ((-2)/(-6))/((-6)/(-36)). Suppose -2*h + f*o - 2 = 2, 3*o = 4*h + 4. What are the prime factors of h?
2
Suppose 4*l - 247 + 83 = 0. List the prime factors of l.
41
Let y = 35 + -10. What are the prime factors of y?
5
Suppose -3*o - 6 = -o. Let k = 14 - 14. What are the prime factors of k + ((-3)/(-3) - o)?
2
Let f(d) be the second derivative of -d**5/12 - d**4/24 - d**3/3 - d. Let j(n) be the second derivative of f(n). What are the prime factors of j(-1)?
3
Let q = -55 + 95. Suppose -3*g - 7 = -q. What are the prime factors of g?
11
Let n(v) = -v - 3. What are the prime factors of n(-10)?
7
Let l = 3 + 14. What are the prime factors of l?
17
Let d be 2 - (-3)/(3/118). List the prime factors of (-1)/3 - d/(-9).
13
Let w(d) = d**3 + d**2 + 2*d - 9. List the prime factors of w(6).
3, 5, 17
Suppose 0 = -y - 7 - 0. What are the prime factors of (-197)/y - 4/28?
2, 7
Suppose -s + 5*s - 340 = 0. What are the prime factors of s?
5, 17
Let h(z) = -43*z. What are the prime factors of h(-5)?
5, 43
Let z(g) = 11*g - 13. What are the prime factors of z(8)?
3, 5
Let q(i) be the third derivative of i**5/60 - i**4/12 - i**3/6 - 4*i**2. What are the prime factors of q(4)?
7
Let z(s) = 67*s**2 - 2*s - 1. What are the prime factors of z(-1)?
2, 17
Let c = 3 - 2. Let n(m) = 2 + 3*m**2 + 0 - 4 + 3. What are the prime factors of n(c)?
2
Let m(k) = -k**3 + 7*k**2. Let i be m(5). Suppose s + 4*b - i = 5*b, -b = 2. What are the prime factors of s?
2, 3
Let f = 0 + 0. Suppose a + f*a = 14. List the prime factors of a.
2, 7
What are the prime factors of (209 - -1)*(9 - 8)?
2, 3, 5, 7
Let i be (16/(-12))/(2/(-6)). Let m = -4 + i. Suppose -4*v + 3*v + 3 = m. What are the prime factors of v?
3
Suppose -4*z = -5*w - 80, 2*w = -4*z + 5 + 75. Let o = z - 8. What are the prime factors of o?
2, 3
Let t = 3 - -3. Let j = 9 - t. Let c = j - -4. List the prime factors of c.
7
Suppose -5*c + 2*p + 80 = 0, 25 = 3*c - 5*p - 23. List the prime factors of 6/8 + 180/c.
2, 3
Suppose 0 = -0*z - 3*z + 30. Suppose 9*l = z*l - 37. What are the prime factors of l?
37
List the prime factors of (12 - 10)*(-3)/(-2).
3
Let u be 2 + 1 + (-8 - 7). Let w = -5 - u. What are the prime factors of w?
7
Let x = 8 + -4. Suppose 5*b - 3*b = -u + 12, -5*u - 2*b + 20 = 0. Suppose -w - x*s = 9, -u*w + 4*s = -5*w - 3. What are the prime factors of w?
3
Suppose -5*t - 33 + 111 = f, -2*f = -6. What are the prime factors of t?
3, 5
Let q(v) = v**2 + v + 45. What are the prime factors of q(0)?
3, 5
Suppose 3*t - t = 0, 5*j - 2*t = 0. Suppose j*f - 132 = -4*f. List the prime factors of f.
3, 11
Suppose -3*y = 5*m + 360, -4*m - 18 + 6 = 0. What are the prime factors of 28/182 - y/13?
3
Suppose 5*w = 37 + 58. List the prime factors of w.
19
Suppose -3*m + 38 - 5 = 0. Let o = -55 - -60. Suppose -q - l = -m - 4, o*q - 5*l = 35. List the prime factors of q.
11
Suppose -n - 3 = -8. Suppose 5*w = 10 + 5. Let l = n - w. List the prime factors of l.
2
Let q(b) = b + 7. Let o be q(-6). Let k be ((-25)/(-20))/(o/4). Suppose -11 = -k*f - 1. What are the prime factors of f?
2
Let r be (-86)/(-8) + (-9)/12. Let v = r - 2. Suppose -4*l + v + 12 = 0. What are the prime factors of l?
5
Let q be (-15)/(-6)*(-6)/(-5). Suppose 5*b - 4*u - 2 = 1, 0 = -3*u - 6. Let y = q - b. What are the prime factors of y?
2
Let n(a) = a - 4. Let m be n(4). Suppose -4*h - 10 + 26 = m. List the prime factors of h.
2
Suppose -2 = x - 1, 4*x = g - 5. Let l be (-21 + g)/2 - 2. What are the prime factors of ((-10)/6)/(2/l)?
2, 5
Suppose 17 = 4*i + 5. Suppose -3*m + 0*m - 3 = 0, n = 5*m + 13. Suppose i*c + n = 5*c. List the prime factors of c.
2
Let c be (-6 + 2 - -114) + -4. Let a = c - 53. What are th